{"id":188,"date":"2022-11-30T21:37:32","date_gmt":"2022-11-30T21:37:32","guid":{"rendered":"http:\/\/grooving-voices.de\/?page_id=188"},"modified":"2022-12-01T13:01:35","modified_gmt":"2022-12-01T13:01:35","slug":"datenschutz","status":"publish","type":"page","link":"https:\/\/grooving-voices.de\/?page_id=188","title":{"rendered":"Datenschutz"},"content":{"rendered":"\n<p>Wir freuen uns \u00fcber deinen Besuch auf unserer Homepage. Der Schutz deiner Privatsph\u00e4re ist wichtig. Nachstehend informieren wir dich nach Artikel 13 der EU Datenschutz-Grundverordnung (DSGVO) \u00fcber den Umgang die Verarbeitung deiner personenbezogenen Daten bei der Nutzung dieser Webseite. <\/p>\n\n\n\n<p>Ein <strong>Drittanbieter<\/strong> (Strato) erbringt f\u00fcr uns die Dienste zum Hosting und zur Darstellung der Webseite. Alle Daten, die im Rahmen der Nutzung dieser Webseite erhoben werden, werden auf seinen Servern in Deutschland verarbeitet (s.<a href=\"https:\/\/www.strato.de\/datenschutz\/\"> h<\/a><a rel=\"noreferrer noopener\" href=\"https:\/\/www.strato.de\/datenschutz\/\" target=\"_blank\">ttps:\/\/www.strato.de\/sicherheit\/<\/a>). <br>Wenn du unsere Homepage besuchst, erhebt Strato folgende Log-Daten: Kunden-Domain, Anonymisierte Client-IP, Request-Zeile, Timestamp, Status Code, Gr\u00f6\u00dfe des Response Bodies, Referer, der vom Client gesendet wurde, User Agent, der vom Client gesendet wurde, Remote User. (Eine genauere Erl\u00e4uterung findest du <a href=\"https:\/\/www.strato.de\/blog\/dsgvo-logfiles\/\">hier <\/a>.) Zur Erkennung von Angriffen speichern wir nicht anonymisierte IP-Adressen maximal sieben Tage. Danach werden sie unwiderruflich anonymisiert.  <br>Es findet keinerlei Profiling oder Kategorisierung der Daten oder eine automatische Entscheidung bez\u00fcglich ihrer Verarbeitung statt. Wenn du \u00fcber einen Link unserer Website Seiten anderer Anbieter besuchst, gelten deren Datenverarbeitungsregeln.<br>Wir nutzen und speichern deine Daten aufgrund eines berechtigten Interesses nach Art. 6 Abs. 1 DSGVO f\u00fcr eine ansprechende Darstellung unserer Choraktivit\u00e4ten und einen st\u00f6rungsfreien Betrieb.<\/p>\n\n\n\n<p>Unsere Website nutzt zur Darstellung der Choraktivit\u00e4ten <strong>Plugins<\/strong> der von Google betriebenen Seite YouTube (Impressum: <a rel=\"noreferrer noopener\" href=\"https:\/\/www.youtube.com\/t\/impressum?hl=de&amp;gl=DE\" target=\"_blank\">https:\/\/www.youtube.com\/t\/impressum?hl=de&amp;gl=DE<\/a>). Wenn du eine unserer mit einem YouTube-Plugin ausgestatteten Seiten besuchen, wird eine Verbindung zu den Servern von YouTube hergestellt. Dabei wird dem YouTube-Server mitgeteilt, welche unserer Seiten du besucht hast. Wenn du in deinem YouTube-Account eingeloggt bist, erm\u00f6glichst du YouTube, dein Surfverhalten direkt deinem pers\u00f6nlichen Profil zuzuordnen. Dies kannst du verhindern, indem du dich aus Ihrem YouTube-Account ausloggst oder das Opt-Out-Plugin nutzt: <a rel=\"noreferrer noopener\" href=\"https:\/\/tools.google.com\/dlpage\/gaoptout?hl=de\" target=\"_blank\">https:\/\/tools.google.com\/dlpage\/gaoptout?hl=de<\/a>, Weitere Informationen zum Umgang mit Nutzerdaten findest du in der Datenschutzerkl\u00e4rung von YouTube unter:<a rel=\"noreferrer noopener\" href=\"https:\/\/www.google.de\/intl\/de\/policies\/privacy\" target=\"_blank\"> <\/a><a rel=\"noreferrer noopener\" href=\"https:\/\/policies.google.com\/privacy?hl=de\" target=\"_blank\">https:\/\/policies.google.com\/privacy?hl=de<\/a><\/p>\n\n\n\n<p>Wir nutzen <strong>WordPress<\/strong> f\u00fcr die Erstellung, Bereitstellung und den Betrieb unserer Homepage: WordPress.com, Aut O\u2019Mattic A8C Irland Ltd., Grand Canal Dock, 25 Herbert Pl, Dublin, D02 AY86, Irland<strong>, <\/strong><a rel=\"noreferrer noopener\" href=\"https:\/\/wordpress.com\" target=\"_blank\">https:\/\/wordpress.com<\/a>. WordPress erh\u00e4lt \u00fcber Strato beim Besuch unserer Homepage die zugeh\u00f6rigen Anmeldedaten (z.&nbsp;B. ein Verbindungstoken, deinen Benutzernamen und deine E-Mail-Adresse) Weitere Informationen findest du <a href=\"https:\/\/grooving-voices.de\/?page_id=223\" data-type=\"page\" data-id=\"223\">hier<\/a>.<\/p>\n\n\n\n<p>Nach DSGVO hast du<br>\u2022 gem\u00e4\u00df Art. 7 Abs. 3 das Recht, mir gegen\u00fcber deine einmal erteilte Einwilligung jederzeit mit Wirkung auf die Zukunft zu widerrufen.<br>\u2022 gem\u00e4\u00df Art. 13 das Recht auf Auskunft \u00fcber deine erhobenen personenbezogenen Daten sowie auf Berichtigung oder L\u00f6schung oder auf Einschr\u00e4nkung der Verarbeitung oder eines Widerspruchsrechts gegen die Verarbeitung sowie des Rechts auf Daten\u00fcbertragbarkeit. gem\u00e4\u00df Art. 15 das Recht, Auskunft zu verlangen, ob und welche personenbezogenen Daten von dir erhoben oder verarbeitet werden.<br>\u2022 gem\u00e4\u00df Art. 16 Recht auf Berichtigung oder Vervollst\u00e4ndigung deiner bei uns gespeicherten personenbezogenen Daten zu verlangen.<br>\u2022 gem\u00e4\u00df Art. 17 Recht auf L\u00f6schung deiner bei uns gespeicherten personenbezogenen Daten zu verlangen, soweit keine Einschr\u00e4nkungen gem\u00e4\u00df Abs. 3 vorliegen.<br>\u2022 gem\u00e4\u00df Art. 18 das Recht, die Einschr\u00e4nkung der Verarbeitung deiner personenbezogenen Daten unter den dort beschriebenen Voraussetzungen zu verlangen.<br>\u2022 gem\u00e4\u00df Art. 19 das Recht auf Mitteilung aller \u00c4nderungen im Zusammenhang mit Art. 16-18 nach deren Geltendmachung.<br>\u2022 gem\u00e4\u00df Art. 20 deine von uns erhobenen und verarbeiteten personenbezogenen Daten in einem nutzbaren strukturierten, g\u00e4ngigen und maschinenlesbaren Format zu erhalten, sowie diese Daten unter den genannten Voraussetzungen einem anderen Verantwortlichen ohne Behinderung durch uns zu \u00fcbermitteln.<br>\u2022 gem\u00e4\u00df Art. 21 das Recht, Widerspruch gegen unsere berechtigten Interessen einzulegen.<br>\u2022 gem\u00e4\u00df Art. 34 Recht auf Benachrichtigung bei Verletzung des Schutzes deiner personenbezogenen Daten bei einem voraussichtlich hohen Risiko f\u00fcr die pers\u00f6nlichen Rechte und Freiheiten als nat\u00fcrliche Personen.<br>\u2022 gem\u00e4\u00df Art. 77 das Recht, sich bei einer Aufsichtsbeh\u00f6rde zu beschweren. Beschwerde bei der zust\u00e4ndigen Datenschutz-Aufsichtsbeh\u00f6rde. Du findest sie unter http:\/\/www.bfdi.bund.de\/DE\/Infothek\/Anschriften_Links\/anschriften_links-node.html.<\/p>\n\n\n\n<p>Sollten wir sind gesetzlich verpflichtet sein, Daten weiter zu geben, werden wir dem nachkommen.<\/p>\n\n\n\n<h2 class=\"wp-block-heading\">Impressum <br><\/h2>\n\n\n\n<p>J\u00fcrgen Merkel <br>Am Richthaus 8<br>58300 Wetter<\/p>\n\n\n\n<p>grooving-voices@web.de<\/p>\n\n\n\n<h2 class=\"wp-block-heading\">Disclaimer<\/h2>\n\n\n\n<p>Die Inhalte unserer Seiten wurden mit gr\u00f6\u00dfter Sorgfalt erstellt. F\u00fcr die Richtigkeit, Vollst\u00e4ndigkeit und Aktualit\u00e4t der Inhalte k\u00f6nnen wir jedoch keine Gew\u00e4hr \u00fcbernehmen. Als Diensteanbieter sind wir gem\u00e4\u00df \u00a7 7 Abs.1 TMG f\u00fcr eigene Inhalte auf diesen Seiten nach den allgemeinen Gesetzen verantwortlich. Nach \u00a7\u00a7 8 bis 10 TMG sind wir als Diensteanbieter jedoch nicht verplichtet, \u00fcbermittelte oder gespeicherte fremde Informationen zu \u00fcberwachen oder nach Umst\u00e4nden zu forschen, die auf eine rechtswidrige T\u00e4tigkeit hinweisen. Verpflichtungen zur Entfernung oder Sperrung der Nutzung von Informationen nach den allgemeinen Gesetzen bleiben hiervon unber\u00fchrt. <\/p>\n\n\n\n<p>Sofern Links zu externen Webseiten Dritter bestehen, haben wir auf deren Inhalte wir keinen Einfluss. Deshalb k\u00f6nnen wir f\u00fcr diese fremden Inhalte auch keine Gew\u00e4hr \u00fcbernehmen. F\u00fcr die Inhalte der verlinkten Seiten ist stets der jeweilige Anbieter oder Betreiber der Seiten verantwortlich. Die verlinkten Seiten wurden zum Zeitpunkt der Verlinkung auf m\u00f6gliche Rechtsverst\u00f6\u00dfe \u00fcberpr\u00fcft. Rechtswidrige Inhalte waren zum Zeitpunkt der Verlinkung nicht erkennbar. Eine permanente inhaltliche Kontrolle der verlinkten Seiten ist jedoch ohne konkrete Anhaltspunkte einer Rechtsverletzung nicht zumutbar. <\/p>\n\n\n\n<p>Die durch die Seitenbetreiber erstellten Inhalte und Werke auf diesen Seiten unterliegen dem deutschen Urheberrecht. Die Vervielf\u00e4ltigung, Bearbeitung, Verbreitung und jede Art der Verwertung au\u00dferhalb der Grenzen des Urheberrechtes bed\u00fcrfen der schriftlichen Zustimmung des jeweiligen Autors bzw. Erstellers. Downloads und Kopien dieser Seite d\u00fcrfen nicht verbreitet oder komerziell nutzbar gemacht werden. Soweit die Inhalte auf dieser Seite nicht vom Betreiber erstellt wurden, sind die Urheberrechte Dritter zu beachten.  Sollten Sie trotzdem auf eine Urheberrechtsverletzung aufmerksam werden, bitten wir um einen entsprechenden Hinweis. <\/p>\n\n\n\n<p>Sollten wir Kenntnis von Rechtsverletzungen erlangen, werden wir diese Inhalte und Links umgehend entfernen.<\/p>\n","protected":false},"excerpt":{"rendered":"<p>Wir freuen uns \u00fcber deinen Besuch auf unserer Homepage. Der Schutz deiner Privatsph\u00e4re ist wichtig. Nachstehend informieren wir dich nach Artikel 13 der EU Datenschutz-Grundverordnung (DSGVO) \u00fcber den Umgang die Verarbeitung deiner personenbezogenen Daten bei der Nutzung dieser Webseite. Ein Drittanbieter (Strato) erbringt f\u00fcr uns die Dienste zum Hosting und zur Darstellung der Webseite. Alle &hellip; <\/p>\n<p class=\"link-more\"><a href=\"https:\/\/grooving-voices.de\/?page_id=188\" class=\"more-link\"><span class=\"screen-reader-text\">\u201eDatenschutz\u201c<\/span> weiterlesen<\/a><\/p>\n","protected":false},"author":1,"featured_media":0,"parent":0,"menu_order":0,"comment_status":"closed","ping_status":"closed","template":"","meta":{"footnotes":""},"class_list":["post-188","page","type-page","status-publish","hentry"],"_links":{"self":[{"href":"https:\/\/grooving-voices.de\/index.php?rest_route=\/wp\/v2\/pages\/188","targetHints":{"allow":["GET"]}}],"collection":[{"href":"https:\/\/grooving-voices.de\/index.php?rest_route=\/wp\/v2\/pages"}],"about":[{"href":"https:\/\/grooving-voices.de\/index.php?rest_route=\/wp\/v2\/types\/page"}],"author":[{"embeddable":true,"href":"https:\/\/grooving-voices.de\/index.php?rest_route=\/wp\/v2\/users\/1"}],"replies":[{"embeddable":true,"href":"https:\/\/grooving-voices.de\/index.php?rest_route=%2Fwp%2Fv2%2Fcomments&post=188"}],"version-history":[{"count":12,"href":"https:\/\/grooving-voices.de\/index.php?rest_route=\/wp\/v2\/pages\/188\/revisions"}],"predecessor-version":[{"id":228,"href":"https:\/\/grooving-voices.de\/index.php?rest_route=\/wp\/v2\/pages\/188\/revisions\/228"}],"wp:attachment":[{"href":"https:\/\/grooving-voices.de\/index.php?rest_route=%2Fwp%2Fv2%2Fmedia&parent=188"}],"curies":[{"name":"wp","href":"https:\/\/api.w.org\/{rel}","templated":true}]}}